{"id":237,"date":"2024-09-19T21:41:51","date_gmt":"2024-09-19T21:41:51","guid":{"rendered":"https:\/\/tomuzel.com\/?page_id=237"},"modified":"2024-09-19T21:43:03","modified_gmt":"2024-09-19T21:43:03","slug":"agbs","status":"publish","type":"page","link":"https:\/\/tomuzel.com\/?page_id=237","title":{"rendered":"AGBs"},"content":{"rendered":"\t\t<div data-elementor-type=\"wp-page\" data-elementor-id=\"237\" class=\"elementor elementor-237\" data-elementor-post-type=\"page\">\n\t\t\t\t<div class=\"elementor-element elementor-element-66ca607 e-flex e-con-boxed e-con e-parent\" data-id=\"66ca607\" data-element_type=\"container\">\n\t\t\t\t\t<div class=\"e-con-inner\">\n\t\t\t\t<div class=\"elementor-element elementor-element-a198396 elementor-widget elementor-widget-heading\" data-id=\"a198396\" data-element_type=\"widget\" data-widget_type=\"heading.default\">\n\t\t\t\t<div class=\"elementor-widget-container\">\n\t\t\t<h2 class=\"elementor-heading-title elementor-size-default\">AGBs<\/h2>\t\t<\/div>\n\t\t\t\t<\/div>\n\t\t\t\t<div class=\"elementor-element elementor-element-74e3732 elementor-widget elementor-widget-text-editor\" data-id=\"74e3732\" data-element_type=\"widget\" data-widget_type=\"text-editor.default\">\n\t\t\t\t<div class=\"elementor-widget-container\">\n\t\t\t\t\t\t\t<p><strong>Allgemeine Gesch\u00e4ftsbedingungen (AGB) f\u00fcr <a href=\"http:\/\/www.tomuzel.com\/\" target=\"_new\" rel=\"noopener\">www.tomuzel.com<\/a><\/strong><\/p><p><strong>1. Geltungsbereich<\/strong><\/p><p>Diese Allgemeinen Gesch\u00e4ftsbedingungen gelten f\u00fcr alle Dienstleistungen und Informationen, die \u00fcber die Website <a href=\"http:\/\/www.tomuzel.com\/\" target=\"_new\" rel=\"noopener\">www.tomuzel.com<\/a> (nachfolgend \u201eWebsite\u201c genannt) bereitgestellt werden. Mit der Nutzung der Website erkl\u00e4rt sich der Nutzer mit diesen AGB einverstanden.<\/p><p><strong>2. Anbieter<\/strong><\/p><p>Anbieter der Website ist:<br \/>Seven Des s.r.o<br \/>Identifika\u010dn\u00ed \u010d\u00edslo: 082 58 341<br \/>S\u00eddlo: Ji\u0159\u00edkovsk\u00e1 156, 664 58 Prace<br \/>E-Mail: <a rel=\"noopener\">info@sevendes.com<\/a><br \/>Telefon: +420 603 962 120<\/p><p><strong>3. Leistungsbeschreibung<\/strong><\/p><p>Die Website bietet Informationen, Dienstleistungen und Inhalte, die f\u00fcr den Nutzer von Interesse sein k\u00f6nnen. Die Inhalte sind unverbindlich und dienen lediglich Informationszwecken. Der Anbieter beh\u00e4lt sich das Recht vor, Inhalte jederzeit zu \u00e4ndern oder zu entfernen.<\/p><p><strong>4. Nutzungsbedingungen<\/strong><\/p><p>Der Nutzer verpflichtet sich, die Website und die darauf bereitgestellten Inhalte nicht f\u00fcr rechtswidrige Zwecke zu nutzen und die geltenden Gesetze sowie die Rechte Dritter zu beachten. Jegliche Form von Spam, Werbung oder unerlaubter Werbung ist untersagt.<\/p><p><strong>5. Urheberrecht<\/strong><\/p><p>Die Inhalte der Website sind urheberrechtlich gesch\u00fctzt. Eine Vervielf\u00e4ltigung oder Verwendung der Inhalte in anderen Medien oder auf anderen Websites ist ohne ausdr\u00fcckliche Zustimmung des Anbieters nicht gestattet.<\/p><p><strong>6. Haftung<\/strong><\/p><p>Der Anbieter \u00fcbernimmt keine Gew\u00e4hr f\u00fcr die Richtigkeit, Vollst\u00e4ndigkeit oder Aktualit\u00e4t der bereitgestellten Informationen. Die Nutzung der Website erfolgt auf eigene Gefahr. F\u00fcr Sch\u00e4den, die aus der Nutzung oder Nichtnutzung der Informationen auf der Website resultieren, wird keine Haftung \u00fcbernommen, es sei denn, es liegt vors\u00e4tzliches oder grob fahrl\u00e4ssiges Verhalten vor.<\/p><p><strong>7. Datenschutz<\/strong><\/p><p>Der Anbieter verarbeitet personenbezogene Daten gem\u00e4\u00df den Bestimmungen der Datenschutz-Grundverordnung (DSGVO). Detaillierte Informationen sind in der Datenschutzerkl\u00e4rung auf unserer Website zu finden.<\/p><p><strong>8. Schlussbestimmungen<\/strong><\/p><p>Es gilt das Recht der Tschechischen Republik. Sollten einzelne Bestimmungen dieser AGB unwirksam oder nicht durchsetzbar sein, bleibt die Wirksamkeit der \u00fcbrigen Bestimmungen unber\u00fchrt.<\/p>\t\t\t\t\t\t<\/div>\n\t\t\t\t<\/div>\n\t\t\t\t\t<\/div>\n\t\t\t\t<\/div>\n\t\t\t\t<\/div>\n\t\t","protected":false},"excerpt":{"rendered":"<p>AGBs Allgemeine Gesch\u00e4ftsbedingungen (AGB) f\u00fcr www.tomuzel.com 1. Geltungsbereich Diese Allgemeinen Gesch\u00e4ftsbedingungen gelten f\u00fcr alle Dienstleistungen und Informationen, die \u00fcber die Website www.tomuzel.com (nachfolgend \u201eWebsite\u201c genannt) bereitgestellt werden. Mit der Nutzung der Website erkl\u00e4rt sich der Nutzer mit diesen AGB einverstanden. 2. Anbieter Anbieter der Website ist:Seven Des s.r.oIdentifika\u010dn\u00ed \u010d\u00edslo: 082 58 341S\u00eddlo: Ji\u0159\u00edkovsk\u00e1 156, 664 [&hellip;]<\/p>\n","protected":false},"author":1,"featured_media":0,"parent":0,"menu_order":0,"comment_status":"closed","ping_status":"closed","template":"","meta":{"footnotes":""},"class_list":["post-237","page","type-page","status-publish","hentry"],"_links":{"self":[{"href":"https:\/\/tomuzel.com\/index.php?rest_route=\/wp\/v2\/pages\/237","targetHints":{"allow":["GET"]}}],"collection":[{"href":"https:\/\/tomuzel.com\/index.php?rest_route=\/wp\/v2\/pages"}],"about":[{"href":"https:\/\/tomuzel.com\/index.php?rest_route=\/wp\/v2\/types\/page"}],"author":[{"embeddable":true,"href":"https:\/\/tomuzel.com\/index.php?rest_route=\/wp\/v2\/users\/1"}],"replies":[{"embeddable":true,"href":"https:\/\/tomuzel.com\/index.php?rest_route=%2Fwp%2Fv2%2Fcomments&post=237"}],"version-history":[{"count":4,"href":"https:\/\/tomuzel.com\/index.php?rest_route=\/wp\/v2\/pages\/237\/revisions"}],"predecessor-version":[{"id":241,"href":"https:\/\/tomuzel.com\/index.php?rest_route=\/wp\/v2\/pages\/237\/revisions\/241"}],"wp:attachment":[{"href":"https:\/\/tomuzel.com\/index.php?rest_route=%2Fwp%2Fv2%2Fmedia&parent=237"}],"curies":[{"name":"wp","href":"https:\/\/api.w.org\/{rel}","templated":true}]}}